 digit of 14484?
1
What is the millions digit of 4955048?
4
What is the ten thousands digit of 273002?
7
What is the hundred thousands digit of 6173634?
1
What is the ten millions digit of 15520199?
1
What is the ten thousands digit of 822241?
2
What is the ten thousands digit of 697423?
9
What is the units digit of 299711?
1
What is the tens digit of 440596?
9
What is the hundred thousands digit of 2424646?
4
What is the ten thousands digit of 8864390?
6
What is the tens digit of 125544?
4
What is the hundred thousands digit of 5555644?
5
What is the tens digit of 149440?
4
What is the hundred thousands digit of 819451?
8
What is the thousands digit of 12215?
2
What is the hundreds digit of 60784?
7
What is the units digit of 306631?
1
What is the thousands digit of 595927?
5
What is the ten thousands digit of 10438808?
3
What is the tens digit of 515580?
8
What is the units digit of 2985370?
0
What is the hundreds digit of 686376?
3
What is the ten thousands digit of 67209?
6
What is the units digit of 698251?
1
What is the hundreds digit of 13938716?
7
What is the thousands digit of 3958076?
8
What is the thousands digit of 20119701?
9
What is the tens digit of 360296?
9
What is the thousands digit of 24705?
4
What is the tens digit of 124567?
6
What is the units digit of 6765702?
2
What is the hundreds digit of 893703?
7
What is the hundred thousands digit of 164848?
1
What is the hundreds digit of 1543?
5
What is the ten thousands digit of 269669?
6
What is the tens digit of 867872?
7
What is the hundreds digit of 3636230?
2
What is the hundred thousands digit of 229985?
2
What is the ten thousands digit of 1138562?
3
What is the tens digit of 9378435?
3
What is the units digit of 1470996?
6
What is the hundred thousands digit of 127577?
1
What is the hundred thousands digit of 214062?
2
What is the thousands digit of 8330414?
0
What is the units digit of 750786?
6
What is the ten thousands digit of 423240?
2
What is the ten millions digit of 15353661?
1
What is the units digit of 3907838?
8
What is the hundreds digit of 753742?
7
What is the hundreds digit of 16617941?
9
What is the units digit of 922881?
1
What is the units digit of 1695731?
1
What is the tens digit of 216028?
2
What is the units digit of 247211?
1
What is the ten millions digit of 10081342?
1
What is the hundreds digit of 13672417?
4
What is the hundreds digit of 8022018?
0
What is the hundreds digit of 1168889?
8
What is the units digit of 17693827?
7
What is the units digit of 9853991?
1
What is the tens digit of 66352?
5
What is the hundred thousands digit of 18384826?
3
What is the units digit of 56128?
8
What is the hundreds digit of 37515?
5
What is the tens digit of 2048459?
5
What is the tens digit of 1234072?
7
What is the thousands digit of 2475729?
5
What is the ten thousands digit of 31860?
3
What is the millions digit of 1457018?
1
What is the ten thousands digit of 120967?
2
What is the units digit of 1155741?
1
What is the units digit of 284972?
2
What is the thousands digit of 334089?
4
What is the hundreds digit of 3630078?
0
What is the millions digit of 3907283?
3
What is the hundred thousands digit of 659781?
6
What is the millions digit of 22630392?
2
What is the hundred thousands digit of 2408813?
4
What is the tens digit of 164653?
5
What is the tens digit of 727152?
5
What is the thousands digit of 792214?
2
What is the tens digit of 652304?
0
What is the ten thousands digit of 267709?
6
What is the tens digit of 5533014?
1
What is the tens digit of 420721?
2
What is the hundreds digit of 370174?
1
What is the hundred thousands digit of 170903?
1
What is the hundred thousands digit of 1150122?
1
What is the hundred thousands digit of 340128?
3
What is the units digit of 16682022?
2
What is the thousands digit of 24345157?
5
What is the units digit of 137379?
9
What is the ten thousands digit of 1949900?
4
What is the units digit of 4209144?
4
What is the hundreds digit of 3018589?
5
What is the thousands digit of 8401965?
1
What is the ten thousands digit of 258182?
5
What is the hundred thousands digit of 9509868?
5
What is the hundreds digit of 2044700?
7
What is the millions digit of 8568480?
8
What is the ten thousands digit of 159620?
5
What is the tens digit of 496077?
7
What is the thousands digit of 10405766?
5
What is the thousands digit of 643850?
3
What is the units digit of 1308594?
4
What is the ten thousands digit of 444700?
4
What is the tens digit of 34983?
8
What is the ten thousands digit of 182543?
8
What is the thousands digit of 51501?
1
What is the tens digit of 31809650?
5
What is the tens digit of 14626874?
7
What is the hundred thousands digit of 1180955?
1
What is the millions digit of 2203878?
2
What is the tens digit of 11213290?
9
What is the ten thousands digit of 2653837?
5
What is the thousands digit of 6595447?
5
What is the millions digit of 10286389?
0
What is the hundred thousands digit of 111989?
1
What is the hundreds digit of 1458181?
1
What is the ten thousands digit of 780535?
8
What is the tens digit of 68053?
5
What is the hundreds digit of 257090?
0
What is the hundred thousands digit of 27583583?
5
What is the ten millions digit of 19809824?
1
What is the ten thousands digit of 2835111?
3
What is the units digit of 35396?
6
What is the units digit of 1206494?
4
What is the millions digit of 3127472?
3
What is the tens digit of 153217?
1
What is the ten thousands digit of 101746?
0
What is the thousands digit of 4894342?
4
What is the tens digit of 279042?
4
What is the ten thousands digit of 3547930?
4
What is the hundreds digit of 241524?
5
What is the thousands digit of 28603519?
3
What is the thousands digit of 1737828?
7
What is the ten thousands digit of 159945?
5
What is the thousands digit of 525382?
5
What is the units digit of 22875132?
2
What is the ten thousands digit of 854301?
5
What is the units digit of 650835?
5
What is the units digit of 4388613?
3
What is the thousands digit of 749485?
9
What is the units digit of 294961?
1
What is the ten millions digit of 12674374?
1
What is the hundred thousands digit of 179458?
1
What is the hundreds digit of 178831?
8
What is the ten thousands digit of 360513?
6
What is the hundred thousands digit of 3318849?
3
What is the thousands digit of 6121245?
1
What is the thousands digit of 27483731?
3
What is the tens digit of 357107?
0
What is the ten thousands digit of 17775011?
7
What is the thousands digit of 20420971?
0
What is the ten thousands digit of 2087708?
8
What is the millions digit of 7998791?
7
What is the hundred thousands digit of 200295?
2
What is the tens digit of 77680?
8
What is the hundreds digit of 36640?
6
What is the units digit of 5284226?
6
What is the thousands digit of 854564?
4
What is the hundreds digit of 114164?
1
What is the hundred thousands digit of 1446746?
4
What is the hundred thousands digit of 414782?
4
What is the hundred thousands digit of 1204047?
2
What is the hundreds digit of 8281624?
6
What is the units digit of 4206469?
9
What is the ten thousands digit of 16638918?
3
What is the ten thousands digit of 1979153?
7
What is the units digit of 10191586?
6
What is the units digit of 12432059?
9
What is the ten thousands digit of 4730439?
3
What is the hundreds digit of 1084123?
1
What is the units digit of 1631223?
3
What is the hundred thousands digit of 248074?
2
What is the hundred thousands digit of 305509?
3
What is the thousands digit of 1574022?
4
What is the units digit of 164112?
2
What is the units digit of 2284715?
5
What is the hundred thousands digit of 1073447?
0
What is the tens digit of 47200?
0
What is the hundreds digit of 3282881?
8
What is the tens digit of 7900161?
6
What is the hundreds digit of 835022?
0
What is the hundred thousands digit of 5339535?
3
What is the hundreds digit of 23731?
7
What is the millions digit of 1560353?
1
What is the tens digit of 488406?
0
What is the hundreds digit of 479437?
4
What is the ten millions digit of 27583586?
2
What is the hundred thousands digit of 10119558?
1
What is the hundred thousands digit of 523805?
5
What is the ten thousands digit of 82478?
8
What is the units digit of 1461828?
8
What is the thousands digit of 211327?
1
What is th